{"id":2288,"date":"2019-08-19T18:30:34","date_gmt":"2019-08-19T17:30:34","guid":{"rendered":"https:\/\/www.sachaheck.net\/blog\/?page_id=2288"},"modified":"2019-08-19T19:09:15","modified_gmt":"2019-08-19T18:09:15","slug":"radiospots","status":"publish","type":"page","link":"https:\/\/www.sachaheck.net\/blog\/radiospots","title":{"rendered":"Radiospots"},"content":{"rendered":"<h1>\n\t\tEng St\u00ebmm fir \u00c4r Radiospots?<br \/>\n\t<\/h1>\n<p><img loading=\"lazy\" src=\"https:\/\/www.sachaheck.net\/blog\/wp-content\/uploads\/2019\/08\/Sacha-Bass-Ralph-350px.jpg\" alt=\"\" width=\"350\" height=\"350\" \/><\/p>\n<p>M\u00e4in Numm ass Sacha Heck. Vu Beruff sinn ech Mediengestalter a k\u00ebmmere mech \u00ebm Grafik a Kommunikatioun an engem groussen Immobiliebetrib. A menger Fr\u00e4iz\u00e4it spillen ech g\u00e4re Musek als Keyboarder an a leschter Z\u00e4it haapts\u00e4chlech als Bassist a menger Band. Duerch d&#8217;Musekerszen war ech scho m\u00e9i w\u00e9i eng K\u00e9ier an Opnamestudioen an hunn 2009 och emol e Radiospot opgeholl fir Eug\u00e8ne Hoffmann, hunn d\u00ebsen awer leider ni h\u00e9ieren.<\/p>\n<p>Mech g\u00e9if et awer reizen, ab und zu mol meng St\u00ebmm zu Verf\u00fcgung ze stelle fir ee Spot wann et passt.<\/p>\n<p>Hei dr\u00ebnner h\u00e9iert Dir 2 Beispiller vu menger St\u00ebmm vun 2 nogeschwatene Werbespots d\u00e9i ech zouf\u00e4lleg ausgewielt hunn. Wann dat Iech gef\u00e4lt, kontakt\u00e9iert mech einfach op <a href=\"mailto:sacha@sachaheck.net\">sacha@sachaheck.net<\/a>.<\/p>\n<h3>\n\t\tKeytradebank Spot<br \/>\n\t<\/h3>\n<p>\t\t<meta itemprop=\"url\" content=\"\" \/><!--[if lt IE 9]><script>document.createElement('audio');<\/script><![endif]-->\n<audio class=\"wp-audio-shortcode\" id=\"audio-2288-1\" preload=\"none\" style=\"width: 100%;\" controls=\"controls\"><source type=\"audio\/mpeg\" src=\"https:\/\/www.sachaheck.net\/blog\/wp-content\/uploads\/2019\/08\/KeytradebankSpot.mp3?_=1\" \/><a href=\"https:\/\/www.sachaheck.net\/blog\/wp-content\/uploads\/2019\/08\/KeytradebankSpot.mp3\">https:\/\/www.sachaheck.net\/blog\/wp-content\/uploads\/2019\/08\/KeytradebankSpot.mp3<\/a><\/audio><\/p>\n<h3>\n\t\tAir Rescue Spot<br \/>\n\t<\/h3>\n<p>\t\t<meta itemprop=\"url\" content=\"https:\/\/www.sachaheck.net\/blog\/wp-content\/uploads\/2019\/08\/AirRescueSpot.mp3\" \/><audio class=\"wp-audio-shortcode\" id=\"audio-2288-2\" preload=\"none\" style=\"width: 100%;\" controls=\"controls\"><source type=\"audio\/mpeg\" src=\"https:\/\/www.sachaheck.net\/blog\/wp-content\/uploads\/2019\/08\/AirRescueSpot.mp3?_=2\" \/><a href=\"https:\/\/www.sachaheck.net\/blog\/wp-content\/uploads\/2019\/08\/AirRescueSpot.mp3\">https:\/\/www.sachaheck.net\/blog\/wp-content\/uploads\/2019\/08\/AirRescueSpot.mp3<\/a><\/audio><\/p>\n<div class=\"shariff\"><ul class=\"shariff-buttons theme-default orientation-horizontal buttonsize-medium\"><li class=\"shariff-button twitter shariff-nocustomcolor\" style=\"background-color:#1e3050\"><a href=\"https:\/\/twitter.com\/share?url=https%3A%2F%2Fwww.sachaheck.net%2Fblog%2Fradiospots&text=Radiospots\" title=\"Bei X (Twitter) teilen\" aria-label=\"Bei X (Twitter) teilen\" role=\"button\" rel=\"noreferrernoopener nofollow\" class=\"shariff-link\" style=\"; background-color:#000000; color:#fff\" target=\"_blank\"><span class=\"shariff-icon\" style=\"\"><svg xmlns=\"http:\/\/www.w3.org\/2000\/svg\" height=\"1em\" viewBox=\"0 0 512 512\"><!--! Font Awesome Free 6.4.2 by @fontawesome - https:\/\/fontawesome.com License - https:\/\/fontawesome.com\/license (Commercial License) Copyright 2023 Fonticons, Inc. --><style>svg{fill:#ffffff}<\/style><path d=\"M389.2 48h70.6L305.6 224.2 487 464H345L233.7 318.6 106.5 464H35.8L200.7 275.5 26.8 48H172.4L272.9 180.9 389.2 48zM364.4 421.8h39.1L151.1 88h-42L364.4 421.8z\"\/><\/svg><\/span><span class=\"shariff-text\">twittern<\/span>&nbsp;<\/a><\/li><li class=\"shariff-button facebook shariff-nocustomcolor\" style=\"background-color:#4273c8\"><a href=\"https:\/\/www.facebook.com\/sharer\/sharer.php?u=https%3A%2F%2Fwww.sachaheck.net%2Fblog%2Fradiospots\" title=\"Bei Facebook teilen\" aria-label=\"Bei Facebook teilen\" role=\"button\" rel=\"noreferrernoopener nofollow\" class=\"shariff-link\" style=\"; background-color:#3b5998; color:#fff\" target=\"_blank\"><span class=\"shariff-icon\" style=\"\"><svg width=\"32px\" height=\"20px\" xmlns=\"http:\/\/www.w3.org\/2000\/svg\" viewBox=\"0 0 18 32\"><path fill=\"#3b5998\" d=\"M17.1 0.2v4.7h-2.8q-1.5 0-2.1 0.6t-0.5 1.9v3.4h5.2l-0.7 5.3h-4.5v13.6h-5.5v-13.6h-4.5v-5.3h4.5v-3.9q0-3.3 1.9-5.2t5-1.8q2.6 0 4.1 0.2z\"\/><\/svg><\/span><span class=\"shariff-text\">teilen<\/span>&nbsp;<\/a><\/li><li class=\"shariff-button linkedin shariff-nocustomcolor\" style=\"background-color:#1488bf\"><a href=\"https:\/\/www.linkedin.com\/sharing\/share-offsite\/?url=https%3A%2F%2Fwww.sachaheck.net%2Fblog%2Fradiospots\" title=\"Bei LinkedIn teilen\" aria-label=\"Bei LinkedIn teilen\" role=\"button\" rel=\"noreferrernoopener nofollow\" class=\"shariff-link\" style=\"; background-color:#0077b5; color:#fff\" target=\"_blank\"><span class=\"shariff-icon\" style=\"\"><svg width=\"32px\" height=\"20px\" xmlns=\"http:\/\/www.w3.org\/2000\/svg\" viewBox=\"0 0 27 32\"><path fill=\"#0077b5\" d=\"M6.2 11.2v17.7h-5.9v-17.7h5.9zM6.6 5.7q0 1.3-0.9 2.2t-2.4 0.9h0q-1.5 0-2.4-0.9t-0.9-2.2 0.9-2.2 2.4-0.9 2.4 0.9 0.9 2.2zM27.4 18.7v10.1h-5.9v-9.5q0-1.9-0.7-2.9t-2.3-1.1q-1.1 0-1.9 0.6t-1.2 1.5q-0.2 0.5-0.2 1.4v9.9h-5.9q0-7.1 0-11.6t0-5.3l0-0.9h5.9v2.6h0q0.4-0.6 0.7-1t1-0.9 1.6-0.8 2-0.3q3 0 4.9 2t1.9 6z\"\/><\/svg><\/span><span class=\"shariff-text\">mitteilen<\/span>&nbsp;<\/a><\/li><\/ul><\/div>","protected":false},"excerpt":{"rendered":"<p>Eng St\u00ebmm fir \u00c4r Radiospots? M\u00e4in Numm ass Sacha Heck. Vu Beruff sinn ech Mediengestalter a k\u00ebmmere mech \u00ebm Grafik a Kommunikatioun an engem groussen Immobiliebetrib. A menger Fr\u00e4iz\u00e4it spillen ech g\u00e4re Musek als Keyboarder an a leschter Z\u00e4it haapts\u00e4chlech als Bassist a menger Band. Duerch d&#8217;Musekerszen war ech scho m\u00e9i w\u00e9i eng K\u00e9ier an&hellip;<\/p>\n","protected":false},"author":1,"featured_media":0,"parent":0,"menu_order":0,"comment_status":"closed","ping_status":"closed","template":"","meta":{"ngg_post_thumbnail":0},"_links":{"self":[{"href":"https:\/\/www.sachaheck.net\/blog\/wp-json\/wp\/v2\/pages\/2288"}],"collection":[{"href":"https:\/\/www.sachaheck.net\/blog\/wp-json\/wp\/v2\/pages"}],"about":[{"href":"https:\/\/www.sachaheck.net\/blog\/wp-json\/wp\/v2\/types\/page"}],"author":[{"embeddable":true,"href":"https:\/\/www.sachaheck.net\/blog\/wp-json\/wp\/v2\/users\/1"}],"replies":[{"embeddable":true,"href":"https:\/\/www.sachaheck.net\/blog\/wp-json\/wp\/v2\/comments?post=2288"}],"version-history":[{"count":10,"href":"https:\/\/www.sachaheck.net\/blog\/wp-json\/wp\/v2\/pages\/2288\/revisions"}],"predecessor-version":[{"id":2302,"href":"https:\/\/www.sachaheck.net\/blog\/wp-json\/wp\/v2\/pages\/2288\/revisions\/2302"}],"wp:attachment":[{"href":"https:\/\/www.sachaheck.net\/blog\/wp-json\/wp\/v2\/media?parent=2288"}],"curies":[{"name":"wp","href":"https:\/\/api.w.org\/{rel}","templated":true}]}}